{"id":96,"date":"2021-07-20T12:49:01","date_gmt":"2021-07-20T12:49:01","guid":{"rendered":"https:\/\/aesm.com.ar\/?page_id=96"},"modified":"2021-07-20T12:49:01","modified_gmt":"2021-07-20T12:49:01","slug":"nuestra-historia","status":"publish","type":"page","link":"https:\/\/aesm.com.ar\/?page_id=96","title":{"rendered":"Nuestra Historia"},"content":{"rendered":"<div class=\"wpb-content-wrapper\"><p>[vc_row][vc_column width=&#8221;1\/6&#8243;][\/vc_column][vc_column width=&#8221;2\/3&#8243;][vc_empty_space height=&#8221;45px&#8221;][vc_empty_space height=&#8221;45px&#8221;][vc_empty_space height=&#8221;45px&#8221;][vc_empty_space height=&#8221;45px&#8221;][vc_column_text]<\/p>\n<h1 style=\"text-align: center;\"><strong><span style=\"color: #eb1515;\">ASOCIACION ESPA\u00d1OLA DE SOCORROS MUTUOS<\/span><\/strong><\/h1>\n<p>[\/vc_column_text][vc_column_text]<\/p>\n<h2 style=\"text-align: center;\"><strong>Nuestra Historia<\/strong><\/h2>\n<p>[\/vc_column_text][vc_empty_space height=&#8221;45px&#8221;][vc_column_text]<img loading=\"lazy\" decoding=\"async\" class=\"aligncenter wp-image-114\" src=\"http:\/\/aesm.com.ar\/wp-content\/uploads\/2021\/07\/escudo-asociacion-espanola-de-socorros-mutuos-colon-buenos-aires.jpg\" alt=\"\" width=\"205\" height=\"267\" srcset=\"https:\/\/aesm.com.ar\/wp-content\/uploads\/2021\/07\/escudo-asociacion-espanola-de-socorros-mutuos-colon-buenos-aires.jpg 425w, https:\/\/aesm.com.ar\/wp-content\/uploads\/2021\/07\/escudo-asociacion-espanola-de-socorros-mutuos-colon-buenos-aires-231x300.jpg 231w\" sizes=\"auto, (max-width: 205px) 100vw, 205px\" \/>[\/vc_column_text][vc_empty_space height=&#8221;45px&#8221;][vc_column_text]<\/p>\n<p style=\"text-align: justify;\">Esta <strong>\u201cAsociaci\u00f3n Espa\u00f1ola de Socorros Mutuos\u201d<\/strong> fue fundada el <strong>29 de junio de 1890<\/strong>, y obtiene personer\u00eda jur\u00eddica el 25 de agosto de 1902, con el objeto de prestar socorros mutuos y estrechar v\u00ednculos de fraternidad entre los asociados; entre los servicios que brindaba estaban la asistencia m\u00e9dica y farmac\u00e9utica, otorgar pensiones por enfermedad, subsidios para servicios f\u00fanebres, pr\u00e1ctica de disciplinas deportivas en especial cancha de bochas, pelota paleta, natatorio, etc., estas \u00faltimas disciplinas se transformar\u00edan en el futuro, en el <strong>\u201cClub Hispano Americano\u201d<\/strong> de Col\u00f3n, <strong>fundado por nuestra instituci\u00f3n el 26 de enero de 1919<\/strong>, Club que luego obtiene personer\u00eda jur\u00eddica y se transforma en otra instituci\u00f3n por separado, brindando a sus asociados servicios de deportes y recreaci\u00f3n social en su sede Social de calle 48 Nro. 974 de Col\u00f3n; sede construida por la \u201cAsociaci\u00f3n Espa\u00f1ola de Socorros Mutuos\u201d y que luego fue transferida al \u201cClub Hispano Americano\u201d.-<\/p>\n<p style=\"text-align: justify;\">\u00a0 Con el correr de los a\u00f1os y debido a los cambios sociales la Mutual va dejando de prestar la mayor\u00eda de los servicios, quedando algunos como el Pante\u00f3n Social construido por la Mutual para sus asociados en el Cementerio de Col\u00f3n; pero sigui\u00f3 vigente su personer\u00eda como Instituci\u00f3n Mutual.-<\/p>\n<p style=\"text-align: justify;\">\u00a0El d\u00eda 03 de febrero de 1990 el \u201cClub Hispano Americano de Col\u00f3n\u201d se fusiona con el \u201cClub Pescadores de Col\u00f3n\u201d, dando como resultado el nacimiento del <strong>\u201cCLUB ALIANZA Pescadores e Hispano Americano de Col\u00f3n\u201d<\/strong>.-\u00a0 Los directivos fundadores de esta Instituci\u00f3n realizan tr\u00e1mites para adecuar a la Mutual a las nuevas necesidades, a los nuevos servicios y a las nuevas normativas, para lo cual se nombra una Comisi\u00f3n Normalizadora integrada por los antiguos asociados de la Mutual Omar R. Mart\u00ednez, Iris Raso y Enrique Quidiello, dicha Comisi\u00f3n convoca a una Asamblea General Extraordinaria para el 13 de octubre de 1990 a la cual concurren 23 viejos asociados de los 55 activos, y en la misma la Comisi\u00f3n Normalizadora realiza un Informe de lo actuado por la misma, se adec\u00faa el Estatuto Social a las normas vigentes, se aprueban los anteproyectos de los Reglamentos de: Educaci\u00f3n f\u00edsica y Deportes, Proveedur\u00eda, Asistencia M\u00e9dica, Turismo, Ayuda Econ\u00f3mica Mutual y Pante\u00f3n Social; y se nombra el Primer Consejo Directivo de la Mutual luego de su normalizaci\u00f3n; y una vez que fue aprobado por el Instituto Nacional de Acci\u00f3n Mutual (INAM) \u00f3rgano nacional que controlaba en esa \u00e9poca a las Mutuales, hoy INAES, comenz\u00f3 a funcionar nuevamente desde el d\u00eda <strong>17 de febrero de 1991<\/strong>, en que abri\u00f3 sus puertas en el mismo Edificio del Club Alianza, aunque como instituci\u00f3n independiente del Club, pero complement\u00e1ndose en el otorgamiento de los servicios para los asociados de ambas instituciones, mediante la celebraci\u00f3n de distintos convenios que se realizan peri\u00f3dicamente; posteriormente la Mutual se traslad\u00f3 a su propio edificio de calle 20 Nro. 677 de Col\u00f3n, donde funciona actualmente.-<\/p>\n<p>[\/vc_column_text][vc_empty_space height=&#8221;45px&#8221;][vc_empty_space height=&#8221;45px&#8221;][\/vc_column][vc_column width=&#8221;1\/6&#8243;][\/vc_column][\/vc_row]<\/p>\n<\/div>","protected":false},"excerpt":{"rendered":"<p>[vc_row][vc_column width=&#8221;1\/6&#8243;][\/vc_column][vc_column width=&#8221;2\/3&#8243;][vc_empty_space height=&#8221;45px&#8221;][vc_empty_space height=&#8221;45px&#8221;][vc_empty_space height=&#8221;45px&#8221;][vc_empty_space height=&#8221;45px&#8221;][vc_column_text] ASOCIACION ESPA\u00d1OLA DE SOCORROS MUTUOS [\/vc_column_text][vc_column_text] Nuestra Historia [\/vc_column_text][vc_empty_space height=&#8221;45px&#8221;][vc_column_text][\/vc_column_text][vc_empty_space height=&#8221;45px&#8221;][vc_column_text] Esta \u201cAsociaci\u00f3n Espa\u00f1ola de Socorros Mutuos\u201d fue fundada el 29 de junio de 1890, y obtiene personer\u00eda jur\u00eddica el 25 de agosto de 1902, con el objeto de prestar socorros mutuos y estrechar v\u00ednculos de fraternidad entre &hellip;<\/p>\n","protected":false},"author":2,"featured_media":0,"parent":0,"menu_order":0,"comment_status":"closed","ping_status":"closed","template":"templates\/page-full.php","meta":{"footnotes":""},"class_list":["post-96","page","type-page","status-publish","hentry"],"_links":{"self":[{"href":"https:\/\/aesm.com.ar\/index.php?rest_route=\/wp\/v2\/pages\/96","targetHints":{"allow":["GET"]}}],"collection":[{"href":"https:\/\/aesm.com.ar\/index.php?rest_route=\/wp\/v2\/pages"}],"about":[{"href":"https:\/\/aesm.com.ar\/index.php?rest_route=\/wp\/v2\/types\/page"}],"author":[{"embeddable":true,"href":"https:\/\/aesm.com.ar\/index.php?rest_route=\/wp\/v2\/users\/2"}],"replies":[{"embeddable":true,"href":"https:\/\/aesm.com.ar\/index.php?rest_route=%2Fwp%2Fv2%2Fcomments&post=96"}],"version-history":[{"count":0,"href":"https:\/\/aesm.com.ar\/index.php?rest_route=\/wp\/v2\/pages\/96\/revisions"}],"wp:attachment":[{"href":"https:\/\/aesm.com.ar\/index.php?rest_route=%2Fwp%2Fv2%2Fmedia&parent=96"}],"curies":[{"name":"wp","href":"https:\/\/api.w.org\/{rel}","templated":true}]}}